 = -2*z. Suppose -32 = -3*r - z. What is the greatest common divisor of 10 and r?
10
Let b = -6 + 7. Let l be 165/(-10)*(-4)/b. What is the greatest common divisor of l and 6?
6
Let s(y) = -y - 11. Let u be (-2)/4*(6 + -6). Let o be s(u). Let z = o + 27. Calculate the greatest common factor of z and 4.
4
Let c = 72 - 12. Let h(d) = -2*d**3 - 2*d**2 + 4*d. Let z be 4*-3*(-3)/(-12). Let t be h(z). What is the greatest common divisor of t and c?
12
Suppose l = -4*l + 40. Let f = 18 - l. What is the greatest common factor of f and 10?
10
Suppose -2*o = i - 0*o - 13, -4*i - 4*o + 40 = 0. What is the highest common divisor of 28 and i?
7
Suppose -60 = -4*q + 148. Let v be 140/30 - ((-2)/(-3))/1. Suppose -d = -r - 30, -q - 68 = -v*d - r. Calculate the highest common factor of 10 and d.
10
Suppose -8*j + 30 = 6. What is the highest common divisor of 1 and j?
1
Let x be (-5)/(-2)*(-2)/(-1). Suppose 0 = -g + x*g - 32. Let i be (77/5 + -1)*5. What is the greatest common divisor of g and i?
8
Suppose -3*q + 3*f + 24 = 0, -f + 6 - 1 = 0. Let s(j) = j**2 - j + 8. Let t be s(0). Let d be (234/t)/(4/16). What is the highest common factor of d and q?
13
Suppose -40*t + 33*t = -210. Calculate the greatest common divisor of t and 45.
15
Suppose b - 6*b + 475 = 3*q, -485 = -5*b - q. Suppose 12 = a + 4*z - 3*z, 3*a = 4*z + 50. Calculate the highest common divisor of b and a.
14
Let g(o) = -o**2 - 10*o - 3. Let y be g(-7). Suppose -7*u = -10*u + 216. What is the greatest common factor of u and y?
18
Suppose -3*d = -11 - 19. Let k(p) be the second derivative of 11*p**5/2 + p**4/12 - p**3/6 - 2*p. Let l be k(1). Calculate the highest common factor of d and l.
10
Let u be ((-5)/(-4) - 5)*(-64)/6. Calculate the greatest common factor of 24 and u.
8
Let m(s) = 65*s**3 + 1. Let x(n) = n**2 - n + 1. Suppose 0 = -2*g - 1 + 3. Let l be x(g). Let d be m(l). Calculate the greatest common divisor of d and 11.
11
Let c = 33 - -15. Suppose 0 = -0*j + j - 39. Suppose 5*v - i = 57, -v + j = v + 5*i. What is the greatest common divisor of c and v?
12
Let r = 219 + 51. What is the greatest common divisor of r and 108?
54
Let g be 1748/(-12) + 1/(-3). Let q be g/4 + (-1)/2. Let l = 57 + q. Calculate the highest common divisor of l and 8.
4
Suppose 5*l - 5*k - 339 = l, 3*l - k - 246 = 0. What is the highest common divisor of 54 and l?
27
Let k = 46 - 44. Calculate the highest common factor of k and 4.
2
Let u(g) = 1 + g**2 - 1 + 4 - g. Suppose 10 = 4*b - 2*b. Let z be u(b). Calculate the highest common factor of 6 and z.
6
Let s(x) = x**3 - 2*x + 1. Let u(i) = i**2 - 2*i - 5. Let n be u(4). Let t be s(n). Let v = -12 + t. What is the greatest common divisor of v and 5?
5
Let d = 1 + 1. Suppose d*n - 7 = 5. Let w be (-8)/(-12) - (-266)/n. Calculate the highest common divisor of w and 30.
15
Let y(n) = n**3 - 2*n**2 + 3*n - 3. Let p be y(2). Calculate the greatest common divisor of p and 9.
3
Let p be ((-7)/(7/10))/(-1). Calculate the greatest common divisor of p and 50.
10
Let a be 2/7 + 0 - 160/(-28). Calculate the greatest common divisor of a and 24.
6
Let p be (-12)/(-4)*(-3 + 7). Calculate the greatest common divisor of 144 and p.
12
Let p be 17/2*2*2. Calculate the highest common divisor of p and 170.
34
Let d(b) = b**3 - 4*b**2 + 2*b + 3. Let r be d(4). Suppose -5 = -4*v + 39. What is the greatest common factor of r and v?
11
Let i = -7 - -7. Suppose -5*k + 75 = -k - 5*g, 2*k - 5*g - 45 = i. Suppose -k - 25 = -2*q. What is the highest common factor of 5 and q?
5
Let v(p) = 2*p + 6. Let h be v(4). What is the greatest common factor of 154 and h?
14
Let c(g) = -7*g**3 - 5*g**2 - 6*g - 6. Let w be c(-2). What is the greatest common divisor of w and 42?
42
Let h be (1 + 3)*(5 - (-330)/12). What is the greatest common factor of h and 26?
26
Suppose -4*m + 51 = m - a, -3*a + 23 = m. What is the highest common divisor of m and 99?
11
Let x be (-3)/9*2*-6. Suppose -2*v = -10, 9*i = x*i + v + 5. Suppose -f = 0, i*q + 924 = 6*q + 2*f. What is the highest common factor of 21 and q?
21
Suppose 196 = -4*w + 8*w. Let z = -31 + w. What is the greatest common divisor of 18 and z?
18
Suppose f = -i, 3*i + 0 - 8 = 5*f. Let q be (-58 + 2)*(f + 0). Let c = 4 - -4. Calculate the highest common divisor of c and q.
8
Suppose 5*d + 5*i = 75, 5*d - 2*i - 11 - 71 = 0. What is the highest common factor of 112 and d?
16
Let n(o) = -2*o**2 - 36*o. Let a be n(-16). What is the greatest common factor of a and 48?
16
Let v(p) = p - 8. Let o be v(11). Suppose o*t - 374 = t. Calculate the highest common divisor of t and 17.
17
Suppose 0 = 3*a + a. Suppose a = p + 55 + 27. Let y = p - -132. What is the greatest common factor of 10 and y?
10
Let i(s) = 70*s**3 - s**2 + 1. Suppose -3*q - 3*w = -6*q, -2*w - 2 = -3*q. Let z = q + -1. Let u be i(z). What is the greatest common factor of u and 10?
10
Suppose 6*m = 2*m + 396. What is the greatest common factor of m and 9?
9
Suppose -14*x = -18*x + 56. What is the highest common factor of 7 and x?
7
Suppose 21 - 31 = -2*x. What is the greatest common divisor of x and 2?
1
Let o be 171/2 - (-1)/(-2). Let s be (-2)/(-8) - 201/(-12). What is the greatest common divisor of o and s?
17
Let f be (2 - 3/2)*384. What is the greatest common factor of f and 24?
24
Suppose 0 = -w + 3, -3*w + 49 = 5*r. Calculate the highest common divisor of 136 and r.
8
Suppose -9 - 11 = -5*f. Let r(a) = -1 + 2*a - 2 + 0. Let t be r(2). What is the greatest common divisor of f and t?
1
Suppose r + 4*n - 5 = -17, -5*r + 45 = -n. Suppose 2*l = 4*l. Suppose -c - 2*c + 72 = l. What is the greatest common divisor of r and c?
8
Let j(b) be the third derivative of -b**6/120 - b**5/60 + b**4/12 + b**3/6 + 3*b**2. Let o be j(-2). Calculate the highest common divisor of o and 5.
1
Let p = 22 + -75. Let r = -32 - p. What is the highest common divisor of r and 21?
21
Suppose -4*w = w - 5. Let t be -6*w/5*-75. Calculate the greatest common divisor of 10 and t.
10
Suppose 0*v + 3*v = -3*m + 9, 2*v + 19 = 3*m. Let g be v + 74/(-3 + 5). Calculate the greatest common divisor of g and 5.
5
Suppose 0 = 3*m - 2*d - 40, 0*d = 4*m + 4*d - 40. Let z be 11 - (-2 + 4) - -3. What is the greatest common factor of m and z?
12
Let x = 27 + 21. What is the highest common factor of 96 and x?
48
Suppose -i - 864 = -13*i. What is the greatest common factor of i and 8?
8
Let c(p) = p**2 + p - 2. Let w be c(-2). Suppose w = -2*j + 3*j. Let x be j + (2 - -25) - 2. What is the highest common factor of 5 and x?
5
Let p be (1 - (-4)/(-8))*162. Suppose 0 = -3*c + 87 + p. Calculate the highest common factor of 8 and c.
8
Suppose 0 = j + x + 13, -2*j - x - 41 = 4*x. Let t be (-27)/(-2)*j/(-6). What is the greatest common factor of t and 36?
18
Let y(a) be the first derivative of -a**4/4 - 2*a**3/3 - 3*a**2 + 3*a + 2. Let r be y(-5). What is the highest common divisor of 12 and r?
12
Suppose -106 = -2*t - o - 0*o, 0 = 4*t - 2*o - 204. Suppose -3*d = -r + 10, -2*d + 4 = -3*r + 41. Calculate the highest common divisor of t and r.
13
Let g(r) = -r + 9. Let v be g(4). Suppose 138 = 3*s + v*o, -s + 0*s + 3*o = -32. Suppose 3*q - s = -14. Calculate the highest common divisor of 9 and q.
9
Let b = 200 + -110. Let f = 126 - b. Suppose -1 = -2*x - 3*t + 26, -58 = -5*x + 2*t. What is the highest common factor of x and f?
12
Let k = 88 - 71. Suppose -2*q + 225 = 3*q. Let w = 232 - q. Calculate the greatest common factor of k and w.
17
Suppose -15*v + 103 = -47. Calculate the highest common divisor of v and 130.
10
Let i(r) = -126*r**3 - r**2 - 2*r - 1. Let y be i(-1). What is the greatest common factor of y and 14?
14
Suppose -2*j = -6*j + 352. Suppose 3*x = 4*x - 1, -2*d + 4*x = -14. Let a be (d/2 - -1)*2. Calculate the greatest common divisor of a and j.
11
Suppose -4*a + 3*a = -2*m - 112, 0 = -3*a - 3*m + 336. What is the highest common divisor of 28 and a?
28
Suppose 2*x + 3*x = 3*f - 89, 5*f + 4*x = 173. Suppose -9*n + 4*n + 15 = 0. Calculate the greatest common divisor of n and f.
3
Let d = 78 - 40. Suppose 2*c - 152 = d. Let o be c/3 + (-1)/(-3). What is the greatest common factor of o and 4?
4
Suppose -b = -v + 5*v - 28, 2*b + 2*v = 32. Let p(z) = -z + 30. Let r be p(0). Calculate the highest common divisor of r and b.
6
Let s be (18/24)/(